uppose -3*x + 46*n + 3613 = s*n, 2432 = 2*x + 4*n. What is the units digit of x?
6
Let u(z) = -5323*z - 165. What is the ten thousands digit of u(-4)?
2
Suppose 31785 = 3*o - k, -518*k - 42380 = -4*o - 513*k. What is the ten thousands digit of o?
1
Suppose -11*z + 13*z - 5868 = -2*j, 2*j - 5862 = -5*z. Suppose 0 = 5*n - j - 1684. What is the tens digit of n?
2
Let g(r) = -r + 27. Let x be g(22). Suppose -52 = x*q - 1437. What is the hundreds digit of q?
2
Let h(p) = -p**3 - 5*p**2 + 7*p + 3. Suppose -10*x + 5*x - 30 = 0. Let c be h(x). Let y(f) = 24*f**2 + f + 5. What is the hundreds digit of y(c)?
2
Let u(c) = 44*c**3 + 2*c**2 + c + 3. What is the units digit of u(4)?
5
What is the units digit of 10/(-3)*(3 + (-213957)/18 - -2)?
5
Suppose v + 0*v = -3*c + 15, 4*v = -c + 49. Suppose -13*i + v*i = k - 69, 3*i - 4*k = 186. What is the units digit of i?
6
Let r be 18 - 15 - (141 + 0). Let n = -76 - r. Let m = 119 - n. What is the tens digit of m?
5
Suppose 2*b + 1 = 11. Suppose 4*r - 731 = 2*p + 875, 0 = -5*p + 5. Suppose m = -b*m + r. What is the tens digit of m?
6
Let k(t) = -2*t + 42. Let m be k(17). Suppose -5*z = -4*s + 6 + 15, 4*z - s = -m. What is the tens digit of z/2 - (-5 - (-129)/(-2))?
6
Let h(s) = s. Let c be h(7). Let a(f) = 0 - 1 - 4*f + 6 + 5*f. What is the tens digit of a(c)?
1
Suppose -2*i + 4*a + 138 = 0, -3*i - 17*a + 162 = -14*a. Suppose -i*y + 50*y = -7515. What is the units digit of y?
5
What is the units digit of (90/4)/(-9) - (-175200)/64?
5
Let u = 5907 - 9325. What is the hundreds digit of u/(-4) - 48/32?
8
What is the hundreds digit of ((-42)/(-8))/((-16)/(-27620 + -28))?
0
Let p be -1 + -15 + 3 + 4. Let u = 7 - p. Let a(y) = 3*y - 35. What is the units digit of a(u)?
3
Let y(x) = 2*x**3 - 4*x**2 - 6*x + 5. Suppose 2 = -4*i - 3*f + 24, 5*i - 22 = -f. Let d be y(i). What is the tens digit of (-4)/18 + 2530/d?
5
Suppose 2*x - 30*x + 13160 = 0. Suppose 5*o - 1201 = -3*l, 0 = -4*o + l + x + 484. What is the units digit of o?
9
Suppose 18*r - 14*r = 14*r - 210480. What is the ten thousands digit of r?
2
Suppose 41*w = 103257 + 332081. What is the tens digit of w?
1
What is the tens digit of (-426243)/(-6) - 2/(-4) - (-482 + 481)?
4
Let m(t) = -2*t**3 - 6*t - 2. Suppose -10 = -2*s + 3*q, 0*s + 5*q = -5*s + 75. Suppose -s = 10*g + 29. What is the hundreds digit of m(g)?
1
Let w be 13/(-1) - (-6 - 5). Suppose -8 = -4*c + 3*r + 8, 5*c - 1 = -r. What is the units digit of (14 - 11) + c + (w - -139)?
1
Suppose 969*w = 971*w + 2. What is the thousands digit of 68 + -71 + w + 1 + 1391?
1
Suppose -n = -w + 2, 48*w - 17 = 44*w - 5*n. Suppose a + 4*a + 5865 = 5*h, -w*h - 4*a + 3540 = 0. What is the tens digit of h?
7
Let y be (-18)/4*(-120)/45. Suppose -2*m - 4*m - y = 0. Let a = 35 - m. What is the tens digit of a?
3
Suppose -2*h - h - 21 = -3*b, 3*b + 5*h = -3. Suppose -5*u + 25 = -m, -u + 3*u = -b*m + 10. Suppose 253 = u*f - 467. What is the hundreds digit of f?
1
What is the thousands digit of 2/7*(-532)/152*-14*3833?
3
Suppose 2*m = -2*w - 4, -w - 5*m - 22 = -0*w. Suppose -38*c + 53515 = -w*c. What is the hundreds digit of c?
5
Suppose 0 = 9*p - 7*p + 1758. Let x = 68 - p. What is the hundreds digit of x?
9
Suppose -155*f = -151*f + 64. Let j = -24 + 44. Let w = j + f. What is the units digit of w?
4
Let s(z) = 12*z - 57. Let k be s(7). What is the hundreds digit of 11559/k - 22/198?
4
Suppose 4*g - 16876 = -2*v, 3*v - 26959 = g - 1638. What is the tens digit of v?
4
Let d be -1745*(-2)/130 - (-2)/13. Suppose -2*v - d = -525. What is the units digit of v?
9
Let j(x) = x**3 + 7*x**2 - 11*x - 19. Suppose 9*z + 60 = -12. Let l be j(z). Suppose 364 = 5*h + i - 2*i, -l*i - 141 = -2*h. What is the tens digit of h?
7
Let y = 66 - 64. Let q be ((-16)/(-10))/(y/10). Let t(f) = f**2 - 2*f - 16. What is the tens digit of t(q)?
3
Let a = -9544 - -22179. What is the units digit of a?
5
Let d(f) = f**2 - 9*f + 18. Let q be d(8). Suppose q*c + 712 = 2*c. Let g = c - -208. What is the units digit of g?
9
What is the thousands digit of (-8)/(-23 + 7) + 336420/24?
4
Let b(j) = -63*j + 4. Let t be b(-2). Let i = 56 - t. Let o = i + 140. What is the tens digit of o?
6
Let p(u) = -12*u. Let m be p(1). Let j = m + 11. What is the tens digit of -1*(2/((-6)/63) - j)?
2
Suppose 5*f + 387 = h, 4*h = -4*f + 217 + 1307. Let n = 1470 - h. What is the tens digit of n?
8
Let y be (2 - 1) + (-1 - -2). Suppose 348 - 388 = -10*m. Suppose 1050 = m*h + y*h. What is the units digit of h?
5
What is the tens digit of 152/266 + (-130458)/(-14)?
1
Suppose -55*o + 361 - 86 = 0. Let w(t) = 0*t**3 + 5*t**2 - 3 - t**3 + 13*t + 0*t**3. What is the units digit of w(o)?
2
Suppose -11*z - 2190 = 747. Let t be (-1)/3*z - (1 - 2). Let h = t - 74. What is the units digit of h?
6
Suppose -140376 + 266455 = 126*u - 2213111. What is the tens digit of u?
6
Suppose 28 + 5 = 2*z + 3*h, -3*z + 47 = 5*h. Suppose 3*u = -111 - z. What is the units digit of 9/u - (-1422)/10?
2
Let q(n) = 43*n**2 - n - 1. Let a = 13 + -11. Suppose 19*c - 21*c = a. What is the tens digit of q(c)?
4
Let p = -268 + 277. What is the tens digit of (1947/p)/(-7 - 88/(-12))?
4
Suppose -75905 = -5*o + 47645. What is the thousands digit of o?
4
Suppose -19 + 1 = 2*x. Let w(m) = -3*m**2 + 11*m + 33. Let i(o) = -2*o**2 + 10*o + 33. Let t(l) = 5*i(l) - 4*w(l). What is the tens digit of t(x)?
4
What is the tens digit of 580926/19 - -2*(-7)/266?
7
Let j(k) be the third derivative of k**5/15 + 15*k**4/8 + 8*k**3/3 - 60*k**2. What is the tens digit of j(-12)?
5
Suppose 335 = -4*b - 5*w - 0, -429 = 5*b - 4*w. What is the units digit of 221/b*(-19 - 1)?
2
Let w = -7838 - -13723. Suppose s + 2972 = 4*t - 1745, s - w = -5*t. What is the units digit of t?
8
Let d be -3 - (336/(-40))/(6/500). Let i = 1304 - d. What is the units digit of i?
7
What is the hundreds digit of (-7815)/10*1530/(-135)?
8
Suppose -5*x = n - 75923, 6*x - 5*n = 9*x - 45567. What is the tens digit of x?
8
Let k = -45746 + 104221. What is the units digit of k?
5
Suppose 735*r - 716*r - 969247 = 0. What is the units digit of r?
3
Let o(v) be the first derivative of v**2 - 5*v + 7. Let h be o(8). Suppose -2*m = h*m - 104. What is the units digit of m?
8
Let d = 14 - 12. Let t(v) = 5*v**2 - v - 4. Let w be t(d). Let x = 85 - w. What is the units digit of x?
1
Suppose 0 = -h - 36 + 50. Suppose 0 = -2*s + h - 104. Let m = 97 + s. What is the units digit of m?
2
Let g = 1821 - -27566. What is the hundreds digit of g?
3
Let x(n) = n**3 + 5*n**2 + 6*n + 13. Let m be x(-4). Suppose -m*g + 2178 = 4*k, 9 = -9*k + 6*k. What is the units digit of g?
8
Let h(s) = -s**3 - 8*s**2 + 10*s - 9. Let n be h(-13). Let x = n + -139. What is the hundreds digit of x?
5
Let n = -34 - -43. Suppose -4792 = -4*a + 4*h, 5*a - n*h = -10*h + 5978. What is the thousands digit of a?
1
Let k be ((-3)/(-2))/((-29)/116). Let j be ((-20)/5)/4 - k. Suppose -5*b = -5*o + 1230, -j*o + 684 = b - 516. What is the tens digit of o?
4
Let v(w) = 58*w + 1. Let n(k) = 57*k + 1. Let j(u) = -4*n(u) + 3*v(u). Let p(t) = 3*t**2 + 114*t - 2. Let f be p(-38). What is the tens digit of j(f)?
0
Let x = -91 + 80. Let v = -11 - x. Suppose v*a + 25 = -5*a, a + 66 = w. What is the units digit of w?
1
What is the ten thousands digit of (-4)/((-44)/(-627))*(-2116)/4?
3
Let v = -579 + 585. Suppose -y = 3, -v*y + 5*y = 4*g - 1213. What is the hundreds digit of g?
3
Suppose -a - 3*a = -2*a. Let h(s) = s**2 - 6*s + 4. Let u be h(a). What is the tens digit of (13 + -55)*(-22)/u?
3
Let h(x) = 883*x - 1355. What is the hundreds digit of h(13)?
1
What is the units digit of (-28)/(-84) - ((-32)/(-36))/((-2)/27483)?
5
Suppose 28*z - 21*z = 1470. What is the tens digit of ((-36)/(-30))/(9/z)?
2
Let p = -242 + 5221. Let d = p + -3413. What is the thousands digit of d?
1
Let m(a) = -4*a**3 + 3*a**2 + 5*a + 33. Let n(p) = -5*p**3 + 2*p**2 + 7*p + 34. Let z(b) = -6*m(b) + 5*n(b). What is the tens digit of z(-12)?
8
Suppose -2*o = -4, -2 = 3*d - 4*o - 3. Suppose -9 = -4*q + d, 5*g = -5*q + 1530. Suppose -12*j + g = -705. What is the units digit of j?
4
Let i = 45 - 45. Suppose 5*a + 25 = i, -187 = -2*r + 6*r - 5*a. Let m = 2 - r. What is the tens digit of m?
5
Suppose -16*m = -11*m + 665. Let k = 132 + m. What is the tens digit of 